be (-7)/6 - 8/(-48). What is b(r)?
-16
Let k(f) = -f - 4*f + f**3 - 13*f**2 + 4 + 2*f**3. Let x(h) = -h**3 + 3*h**2 + h - 1. Let c(s) = 2*k(s) + 9*x(s). Give c(-1).
4
Let s be 2/(-5) - (-238)/70. Let r(w) = -2*w**2 - 9*w**3 + 7*w**2 + 8*w**3 + s*w + 6. Determine r(6).
-12
Let x(i) = -6*i + i + 2*i**2 + 7 - 3*i**2. Suppose -a = -1, 3*j + 19 = -a + 2. Determine x(j).
1
Let x = 21 - 15. Let n(b) = b**2 - 6*b - 2. What is n(x)?
-2
Let b = 0 - -2. Suppose 3*w = -5*q - 11 + 33, w - 4 = 0. Let l be (b - q) + (1 - 1). Let n(g) = g**3 - g**2 + g + 2. Determine n(l).
2
Let k(f) = 10*f - 50. Let l(p) = -2*p + 10. Let v(r) = 3*k(r) + 16*l(r). What is v(7)?
-4
Let c be -2*(30/4)/(-5). Let l be ((-6)/(-15))/((-1)/(-125)). Let z(i) = -1 - 3*i - l*i**2 + 4*i + 51*i**2. Determine z(c).
11
Let z = 1 + 1. Let h(c) = 2*c + 5 - 2*c - 2 - c**z. Determine h(0).
3
Suppose 0 = -5*i + 3*i. Let d = i - 0. Let z(h) = h**2 + 4. What is z(d)?
4
Let g = 86 + -90. Let h(w) = -w**3 - 5*w**2 - w + 6. Let d(x) = -x**3 - 5*x**2 + 7. Let f(v) = -3*d(v) + 4*h(v). Calculate f(g).
3
Let s = 9 - 5. Let h(o) be the third derivative of 0 + 1/12*o**5 + 1/6*o**3 - 1/6*o**4 - 1/120*o**6 - 4*o**2 + 0*o. Calculate h(s).
1
Let o be ((-5)/5)/(-3)*9. Let h(d) = d**2 - 2. Calculate h(o).
7
Let y(w) be the first derivative of 2/3*w**3 + 0*w + 3 + 1/2*w**2 - 3/2*w**4. Suppose -4*v = -2*v + 2. Give y(v).
7
Let h(a) be the third derivative of -a**6/120 + a**5/60 + a**4/8 + a**3/3 + 14*a**2. Determine h(3).
-7
Let l(o) = -o**2 - 4*o - 3. Let z(f) = -f**2 - 14*f + 11. Let d be z(-15). Calculate l(d).
-3
Let z(q) = -27 + 16 + 6 - q. Give z(0).
-5
Let k(z) = z - 2. Suppose -g + 4 = c, g + 0 = c - 4. What is k(c)?
2
Let s(j) = -6*j**2 + 8*j + 3. Let f(m) = -m**2 + m. Let u(l) = 4*f(l) - s(l). Let z(k) be the first derivative of u(k). What is z(4)?
12
Suppose 4*x - 13 = c, -4*x + 28 = -c + 5*c. Let n(u) be the third derivative of -u**5/60 + 5*u**4/24 - u**3/2 - u**2. Give n(c).
3
Let w(o) = o**3 + 2*o**2 + 5*o - 4. Let m(q) = q**3 + q**2 + 4*q - 3. Let v(c) = -4*m(c) + 3*w(c). Calculate v(3).
-12
Suppose -2 = -2*f, -5*o + 0*o - 26 = -f. Let i(u) = 6*u**2 + u**3 + 5 + 3*u - 5 - 7. What is i(o)?
3
Let c(g) be the second derivative of g**5/20 - 2*g**3/3 + 2*g**2 + 2*g. Determine c(3).
19
Let y(g) = -3 + 7*g + 5 - 1. Let d(o) = -o - 3. Let t be d(-4). What is y(t)?
8
Let p(k) = -k**3 - k**2 + 1. Let r(q) = -3*q**3 + q**2 + 2*q + 6. Let g be 3/2 + (-1)/2. Let u(b) = g*r(b) - 2*p(b). Let w be 4/(12/15) + -1. Give u(w).
-4
Suppose 0 = 16*z - 23 - 73. Let u(a) = -3*a + 7. What is u(z)?
-11
Let n(o) be the first derivative of -o**5/120 + o**4/12 - o**3/3 - 6. Let z(b) be the third derivative of n(b). Calculate z(-3).
5
Let h(b) = 6*b**2 + 2*b - 1. Suppose -3*y = -26 - 7. Suppose -5*n = z, 0 = 4*n + 4*z - z + y. What is h(n)?
7
Suppose v + u = 5, -2*v + 27 = 4*u + 9. Let a = -19 - -7. Let j(x) = x**2 + x - 1. Let n(m) = -4*m**2 - 12*m + 12. Let d(o) = a*j(o) - n(o). Calculate d(v).
-8
Let f(q) be the third derivative of q**5/60 - 7*q**4/24 - q**3/2 - 33*q**2. Give f(7).
-3
Let x be (93/(-372))/((-1)/(-8)). Let n(p) = -p - 3. Let g(z) = 1. Let q(h) = 11*g(h) + 4*n(h). What is q(x)?
7
Let l = -4 + 6. Let d(s) = -s**2 - 5*s - 2. Let f be d(-3). Let m(r) = -5*r**2 + 3*r**2 + r - f*r**3 + 2*r**l. What is m(-1)?
3
Let i(s) = s**3 - 9 - 2*s**3 - 3*s**2 - s + 4*s**2. Suppose 0*z + z - 5 = 0. Suppose -5*o + 4*x - 12 = -3*o, -9 = -z*o - 3*x. Calculate i(o).
-9
Let k(w) = -w**2 - w + 5. Let y(x) = -2*x**2 - x + 5. Let p(c) = 3*k(c) - 2*y(c). Give p(0).
5
Let y(w) = -5*w**2 + w + 9. Let n(o) = -o**2 + 1. Let u(t) = 4*n(t) - y(t). What is u(0)?
-5
Let u(x) = x**3 - 5*x**2 + 2*x - 5. Let t(v) = -4*v + 1. Let k be t(-1). Determine u(k).
5
Let f be -1*(-4)/3*3. Suppose 6 = 3*m - 2*m. Let i(o) = o + 2*o + o - m. What is i(f)?
10
Let u(n) = -n - 4. Let m(i) be the third derivative of i**6/120 + i**5/10 - i**4/4 + i**3/2 - 2*i**2. Let x be m(-7). Calculate u(x).
0
Let r(w) = w**2 - 4. Let x(h) = -h**3 - 6*h**2 + 7*h + 7. Let g be x(-7). Let t = g - 4. Determine r(t).
5
Let s(r) = 0 + 0 + 3 + r**3 + 7*r**2 + r**2. Determine s(-8).
3
Let x(v) be the third derivative of v**5/60 + v**4/12 + v**3/6 + 13*v**2. Calculate x(-1).
0
Let i(l) = -3*l + 5. Let t(y) = y. Let p(o) = i(o) + 2*t(o). Let a = 33 + -33. Give p(a).
5
Let l(u) be the second derivative of u**5/20 - 5*u**4/12 - 2*u**3/3 - 2*u**2 - 2*u. Give l(5).
-24
Let m be (18/4)/((-36)/(-24)). Let w(d) = d**2 - 7*d - 1. What is w(m)?
-13
Let q(g) = g**2 - 2*g - 5. Suppose 3*x = -0*x + 147. Let b = -23 + x. Suppose 6 - b = -4*t. Determine q(t).
10
Let j(y) = 6*y**3 + y + 6 - 2*y**3 - 5*y**2 - 5*y**3. What is j(-5)?
1
Let x(f) be the third derivative of -f**5/20 + f**4/24 - 8*f**2. Suppose 0*b - b = 1. Determine x(b).
-4
Suppose 4 = 5*q + 9. Let o = 1 - q. Let f be 4 + -3 + 0 + o. Let v(j) = -j**3 + 2*j**2. Give v(f).
-9
Let f(x) be the second derivative of x**5/20 + 5*x**4/12 + x**3/2 + x. Let v(a) = 5*a**3 + a**2 + a + 1. Let c be v(-1). What is f(c)?
4
Let y = -104 + 102. Let q(c) = c**3 - 3*c**2 - 4*c - 3. Determine q(y).
-15
Suppose 4*i = -5*n - 5 - 1, 14 = 5*n - i. Let x(r) = -1 + 0 + 4*r - r**n + 2*r**2 - 2*r**2. Give x(2).
3
Suppose -4 = 2*u - u. Let v = u - -4. Let d(a) = -2*a**2 - a**3 + a - 3*a**2 + v*a**2 - 2. Calculate d(-5).
-7
Let b = 2 - 3. Let c = 15 - 12. Let k(s) = -c - 3 + s**2 + 6. Calculate k(b).
1
Suppose 10 = 4*u + 30. Let p(w) be the second derivative of -w**4/12 - w**3 - w. What is p(u)?
5
Let v(i) = 4*i + 6*i - 3*i - 6*i + 1. Let a be 4*(0 - (-6)/(-8)). Calculate v(a).
-2
Suppose 4 = 3*u - 4*h + 2, -2*u - 5*h = -9. Let o(j) = 2*j + 3 + u + 2 - 3. Suppose 0*g + 8 = -2*g. Determine o(g).
-4
Let y(z) = 4*z**2 + 19*z - 1. Let r(g) = -g**2 - 6*g. Let l = -20 - -18. Let h(o) = l*y(o) - 7*r(o). Calculate h(5).
-3
Let f be 99/21 - (-4)/14. Let i(p) = 2 - 1 + 3*p - 2*p + f*p**3 + p. What is i(-1)?
-6
Let r(h) = 5*h**2 + 3 + 1 - h - 2*h**2 - 4*h**2. What is r(4)?
-16
Let m(w) be the third derivative of -2*w**2 + 1/120*w**6 + 0 + 1/15*w**5 + 0*w + 1/6*w**3 - 5/24*w**4. Give m(-5).
1
Let i(s) = -3*s + 2 - 1 + 4*s. Let r(t) = t**2 - 5*t. Let l be r(5). Let k(y) = -y + 1. Let g be k(l). Give i(g).
2
Let i(b) = 4*b**2 + 5*b - 3. Let u(q) = 9*q**2 + 10*q - 6. Let z be (-10)/(-45) + 86/18. Let a(x) = z*i(x) - 2*u(x). Give a(-4).
9
Let j be ((-8)/3)/(14/(-21)). Let p be 0/((3 - j)*-1). Let d(i) = -i**2 - i - 18. What is d(p)?
-18
Suppose 0 = 5*o - 5*p, 3*o = -2*o + p + 16. Let k(g) be the first derivative of 1/2*g**2 + o*g - 1. Give k(0).
4
Let o(n) = -3*n. Let f(x) = 4*x - 1. Let w be f(1). Suppose -3*v = 4*t - 16, -w*v = 5*t - 0*t - 17. What is o(v)?
-12
Let c(i) be the second derivative of 1/12*i**4 + 0 + 3*i + 1/2*i**2 + 1/6*i**3. Let v(j) = -j + 2. Let z be v(2). Give c(z).
1
Let j(b) = b + 15. Let y be j(-10). Let o(z) = -z + 4. Give o(y).
-1
Let n(d) = -d**2 - 9*d - 9. Let r = 102 - 108. What is n(r)?
9
Let v(p) = p**3 - 8. Let k(u) = u**3 - 1. Let t be (2/3)/((-1)/3). Let b(o) = t*k(o) + v(o). Give b(0).
-6
Let y(c) = c - 1. Let t be 2/((-2)/(-1))*(-1 - 5). Determine y(t).
-7
Let f(w) = w + 1. Let l(x) = -3*x - 7. Let g(n) = -2*f(n) - l(n). Suppose 49 = -r + 5*c, c = -2*r - 64 - 1. Let h be 6/(-27) - r/(-9). What is g(h)?
1
Let k(q) = -5*q. Let l(j) = j**2 - 11*j + 13. Let p be l(9). Let a be (-2)/10 - (-9)/p. What is k(a)?
10
Let t(n) be the first derivative of -n**4/4 - 5*n**3/3 + 7*n**2/2 + 6*n + 11. What is t(-6)?
0
Let z(o) = -1. Let t(v) = 3*v + 3. Let m(q) = -t(q) - 2*z(q). Let f(u) = -u**2 + 6*u - 3. Let d be f(6). Give m(d).
8
Suppose y + 3 = 2*y. Let g(z) = -z**3 - 4*z**2 - 9. Let o(j) = 2*j**3 + 9*j**2 + 19. Let r(t) = y*o(t) + 7*g(t). Calculate r(0).
-6
Suppose x + x + 4*n = -10, -55 = 5*x - 5*n. Let o(j) = j**3 + 8*j**2 - 9*j. Give o(x).
0
Let p(o) = -7*o. Let k(r) = -r**3 + 2*r**2 + 3*r + 1. Let m be k(3). Give p(m).
-7
Suppose 0 = 32*p - 33*p - 11. Let s(y) = y + 16. Determine s(p).
5
Let l(d) = -3*d**3. Let m be l(-1). Let a(o) = 5*o - o**2 + 10*o - m - 10*o. Determine a(5).
-3
Let s(x) = 4*x - 5*x - 1 + 1. Determine s(-6).
6
Let n(u) = 6*u + 5*u**2 - u**2 - 3*u**2 + 4. Let x(j) = 7*j - 4. Let t(d) = -15*d + 9. Let f(p) = -6*t(p) - 13*x(p). Let s be 